{"id":368,"date":"2025-03-25T10:16:18","date_gmt":"2025-03-25T10:16:18","guid":{"rendered":"https:\/\/jadoza.com\/?post_type=product&#038;p=368"},"modified":"2025-03-25T10:50:56","modified_gmt":"2025-03-25T10:50:56","slug":"mean-well-rsp-1000-48","status":"publish","type":"product","link":"https:\/\/jadoza.com\/?product=mean-well-rsp-1000-48","title":{"rendered":"MEAN WELL RSP-1000-48"},"content":{"rendered":"<p>Fuente de alimentaci\u00f3n conmutada MEANWELL RSP-1000-48<\/p>\n<p>Fuente de alimentaci\u00f3n conmutada, Entrada: 90-264VCA, Salida: 48VCC, 21A. Potencia: 1000W. PFC<\/p>\n<p><strong>Fuente de alimentaci\u00f3n conmutada.<\/strong><\/p>\n<p>Formato en caja.<\/p>\n<p>Rango de entrada universal\u00a0<strong>90-264Vca<\/strong>\u00a047-63Hz.<\/p>\n<p>Tensi\u00f3n de salida<strong>\u00a048Vcc<\/strong>. Ajustable por potenci\u00f3metro (43-55Vcc).<\/p>\n<p>Intensidad de salida<strong>\u00a021A<\/strong>. Rango de corriente de salida 0-21A seg\u00fan demande la carga.<\/p>\n<p>Factor corrector de potencia\u00a0<strong>&gt;0,95.<\/strong><\/p>\n<p>Potencia:\u00a0<strong>1008W.<\/strong><\/p>\n<p>Eficiencia t\u00edpica:<strong>\u00a090%.<\/strong><\/p>\n<p>Aislamiento entrada-salida de\u00a0<strong>3000Vca.<\/strong><\/p>\n<p>Bajo ruido y rizado de\u00a0<strong>150mVp-p.<\/strong><\/p>\n<p>Tensi\u00f3n de salida programable del\u00a040% al 110%\u00a0sobre la tensi\u00f3n nominal.<\/p>\n<p>Temperatura de trabajo: desde<strong>\u00a0<b>-30\u00a0<\/b><\/strong>hasta<strong>\u00a0<b>+70\u00baC<\/b>\u00a0<\/strong>de temperatura ambiente. Consulte la ficha t\u00e9cnica para ver las curvas de deriva.<\/p>\n<p>Dimensiones (Largo x Ancho x Alto) [mm]:<strong>\u00a0295 x 127 x 41.<\/strong><\/p>\n<p>5 a\u00f1os de garant\u00eda.<\/p>\n<p>Fabricante: MEAN WELL.<\/p>\n<p>Certificados: CE, TUV, EAC, RCM, UKCA, CCC, BIS, \u00a0BSMI y UL.<\/p>\n<p>La serie RSP son fuentes conmutadas de perfil bajo (41mm o 1U) con factor corrector de potencia activo. Incluyen posibilidad de realizar un encendido\/apagado remoto y un LED indicador de encendido.<\/p>\n","protected":false},"excerpt":{"rendered":"<p>Fuente de alimentaci\u00f3n conmutada MEANWELL RSP-1000-48 Fuente de alimentaci\u00f3n conmutada, Entrada: 90-264VCA, Salida: 48VCC, 21A. Potencia: 1000W. PFC Fuente de alimentaci\u00f3n conmutada. Formato en caja. Rango de entrada universal\u00a090-264Vca\u00a047-63Hz. Tensi\u00f3n de salida\u00a048Vcc. Ajustable por potenci\u00f3metro (43-55Vcc). Intensidad de salida\u00a021A. Rango de corriente de salida 0-21A seg\u00fan demande la carga. Factor corrector de potencia\u00a0&gt;0,95. Potencia:\u00a01008W. Eficiencia [&hellip;]<\/p>\n","protected":false},"featured_media":370,"comment_status":"open","ping_status":"closed","template":"","meta":[],"product_brand":[22],"product_cat":[24],"product_tag":[25],"class_list":{"0":"post-368","1":"product","2":"type-product","3":"status-publish","4":"has-post-thumbnail","6":"product_brand-mean-well","7":"product_cat-fuente-de-alimentacion","8":"product_tag-fuente-de-alimentacion","10":"first","11":"instock","12":"sold-individually","13":"taxable","14":"shipping-taxable","15":"purchasable","16":"product-type-simple"},"_links":{"self":[{"href":"https:\/\/jadoza.com\/index.php?rest_route=\/wp\/v2\/product\/368","targetHints":{"allow":["GET"]}}],"collection":[{"href":"https:\/\/jadoza.com\/index.php?rest_route=\/wp\/v2\/product"}],"about":[{"href":"https:\/\/jadoza.com\/index.php?rest_route=\/wp\/v2\/types\/product"}],"replies":[{"embeddable":true,"href":"https:\/\/jadoza.com\/index.php?rest_route=%2Fwp%2Fv2%2Fcomments&post=368"}],"wp:featuredmedia":[{"embeddable":true,"href":"https:\/\/jadoza.com\/index.php?rest_route=\/wp\/v2\/media\/370"}],"wp:attachment":[{"href":"https:\/\/jadoza.com\/index.php?rest_route=%2Fwp%2Fv2%2Fmedia&parent=368"}],"wp:term":[{"taxonomy":"product_brand","embeddable":true,"href":"https:\/\/jadoza.com\/index.php?rest_route=%2Fwp%2Fv2%2Fproduct_brand&post=368"},{"taxonomy":"product_cat","embeddable":true,"href":"https:\/\/jadoza.com\/index.php?rest_route=%2Fwp%2Fv2%2Fproduct_cat&post=368"},{"taxonomy":"product_tag","embeddable":true,"href":"https:\/\/jadoza.com\/index.php?rest_route=%2Fwp%2Fv2%2Fproduct_tag&post=368"}],"curies":[{"name":"wp","href":"https:\/\/api.w.org\/{rel}","templated":true}]}}