{"id":369,"date":"2025-03-25T12:36:08","date_gmt":"2025-03-25T12:36:08","guid":{"rendered":"https:\/\/jadoza.com\/?post_type=product&#038;p=369"},"modified":"2025-03-25T12:36:09","modified_gmt":"2025-03-25T12:36:09","slug":"mean-well-rs-50-12","status":"publish","type":"product","link":"https:\/\/jadoza.com\/?product=mean-well-rs-50-12","title":{"rendered":"MEAN WELL RS-50-12"},"content":{"rendered":"<p><strong>Fuente de alimentaci\u00f3n conmutada.<\/strong><\/p>\n<p>Formato en caja de rejilla.<\/p>\n<p>Rango de entrada universal\u00a0<strong>88-264Vca<\/strong>\u00a047-63Hz.<\/p>\n<p>Tensi\u00f3n de salida\u00a0<strong>12Vcc<\/strong>. Ajustable por potenci\u00f3metro (10,8-13,2Vcc).<\/p>\n<p>Intensidad de salida\u00a0<strong>4,2A<\/strong>. Rango de corriente de salida 0-4,2A seg\u00fan demande la carga.<\/p>\n<p>Potencia:\u00a0<strong>50,4W.<\/strong><\/p>\n<p>Eficiencia t\u00edpica:<strong>\u00a084,5%.<\/strong><\/p>\n<p>Aislamiento entrada-salida de\u00a0<strong>3000Vca.<\/strong><\/p>\n<p>Ruido y rizado de<strong>\u00a0120mVp-p.<\/strong><\/p>\n<p>Consumo sin carga\u00a0<strong>&lt;0,5W.\u00a0<\/strong><\/p>\n<p>Temperatura de trabajo: desde\u00a0<b>-25<\/b>\u00a0hasta\u00a0<b>+70\u00baC<\/b>\u00a0de temperatura ambiente. Consulte la ficha t\u00e9cnica para ver las curvas de deriva.<\/p>\n<p>Dimensiones (Largo x Ancho x Alto):\u00a0<strong>99 x 87 x 36mm.<\/strong><\/p>\n<p>3 a\u00f1os de garant\u00eda.<\/p>\n<p>Fabricante: MEAN WELL.<\/p>\n<p>Certificados: CE, TUV, EAC, CCC, RCM, UKCA \u00a0y UL.<\/p>\n<p>La serie RS son fuentes de alimentaci\u00f3n en caja rejilla para aplicaciones de tipo industrial.<\/p>\n<p>Permite montaje en placa, pared o carril din con el accesorio KDIN.<\/p>\n<p>La fuente de alimentaci\u00f3n de modo conmutado cerrada ac a dc mean Well serie LRS-50 de 50,4W de salida \u00fanica tiene una corriente nominal de salida de 4,2 a a 12VDC. Tiene una tensi\u00f3n nominal de alimentaci\u00f3n de entrada universal que oscila de 85VAC a 264VAC\/120VDC a 373VDC. El dispositivo proporciona una malla met\u00e1lica y convecci\u00f3n de aire para garantizar una \u00f3ptima disipaci\u00f3n de calor. Esta fuente de alimentaci\u00f3n puede proporcionar un consumo de potencia sin carga muy bajo. La fuente de alimentaci\u00f3n cumple la demanda antivibraci\u00f3n de hasta 5G y lo convierte en ideal para instalar en entornos de prueba.<\/p>\n","protected":false},"excerpt":{"rendered":"<p>Fuente de alimentaci\u00f3n conmutada. Formato en caja de rejilla. Rango de entrada universal\u00a088-264Vca\u00a047-63Hz. Tensi\u00f3n de salida\u00a012Vcc. Ajustable por potenci\u00f3metro (10,8-13,2Vcc). Intensidad de salida\u00a04,2A. Rango de corriente de salida 0-4,2A seg\u00fan demande la carga. Potencia:\u00a050,4W. Eficiencia t\u00edpica:\u00a084,5%. Aislamiento entrada-salida de\u00a03000Vca. Ruido y rizado de\u00a0120mVp-p. Consumo sin carga\u00a0&lt;0,5W.\u00a0 Temperatura de trabajo: desde\u00a0-25\u00a0hasta\u00a0+70\u00baC\u00a0de temperatura ambiente. Consulte la ficha [&hellip;]<\/p>\n","protected":false},"featured_media":394,"comment_status":"open","ping_status":"closed","template":"","meta":[],"product_brand":[22],"product_cat":[24],"product_tag":[25],"class_list":{"0":"post-369","1":"product","2":"type-product","3":"status-publish","4":"has-post-thumbnail","6":"product_brand-mean-well","7":"product_cat-fuente-de-alimentacion","8":"product_tag-fuente-de-alimentacion","10":"first","11":"instock","12":"sold-individually","13":"taxable","14":"shipping-taxable","15":"purchasable","16":"product-type-simple"},"_links":{"self":[{"href":"https:\/\/jadoza.com\/index.php?rest_route=\/wp\/v2\/product\/369","targetHints":{"allow":["GET"]}}],"collection":[{"href":"https:\/\/jadoza.com\/index.php?rest_route=\/wp\/v2\/product"}],"about":[{"href":"https:\/\/jadoza.com\/index.php?rest_route=\/wp\/v2\/types\/product"}],"replies":[{"embeddable":true,"href":"https:\/\/jadoza.com\/index.php?rest_route=%2Fwp%2Fv2%2Fcomments&post=369"}],"wp:featuredmedia":[{"embeddable":true,"href":"https:\/\/jadoza.com\/index.php?rest_route=\/wp\/v2\/media\/394"}],"wp:attachment":[{"href":"https:\/\/jadoza.com\/index.php?rest_route=%2Fwp%2Fv2%2Fmedia&parent=369"}],"wp:term":[{"taxonomy":"product_brand","embeddable":true,"href":"https:\/\/jadoza.com\/index.php?rest_route=%2Fwp%2Fv2%2Fproduct_brand&post=369"},{"taxonomy":"product_cat","embeddable":true,"href":"https:\/\/jadoza.com\/index.php?rest_route=%2Fwp%2Fv2%2Fproduct_cat&post=369"},{"taxonomy":"product_tag","embeddable":true,"href":"https:\/\/jadoza.com\/index.php?rest_route=%2Fwp%2Fv2%2Fproduct_tag&post=369"}],"curies":[{"name":"wp","href":"https:\/\/api.w.org\/{rel}","templated":true}]}}