{"id":396,"date":"2025-03-25T12:40:54","date_gmt":"2025-03-25T12:40:54","guid":{"rendered":"https:\/\/jadoza.com\/?post_type=product&#038;p=396"},"modified":"2025-03-27T13:46:30","modified_gmt":"2025-03-27T13:46:30","slug":"mean-well-lrs-150-24","status":"publish","type":"product","link":"https:\/\/jadoza.com\/?product=mean-well-lrs-150-24","title":{"rendered":"MEAN WELL LRS-150F-24"},"content":{"rendered":"<p><strong>Fuente de alimentaci\u00f3n conmutada.<\/strong><\/p>\n<p><strong>Tama\u00f1o compacto.<\/strong><\/p>\n<p>Formato en caja rejilla.<\/p>\n<p>Rango de entrada seleccionable mediante interruptor,\u00a0<b>85-132Vca\/170-264Vca<\/b>. 47-63Hz.<\/p>\n<p>Tensi\u00f3n de salida\u00a0<strong>24Vcc<\/strong>. Ajustable por potenci\u00f3metro (21,6-28,8Vcc).<\/p>\n<p>Intensidad de salida\u00a0<strong>6,5A<\/strong>. Rango de corriente de salida 0-6,5A seg\u00fan demande la carga.<\/p>\n<p>Potencia:\u00a0<strong>156W.<\/strong><\/p>\n<p>Eficiencia t\u00edpica:<strong>\u00a089%.<\/strong><\/p>\n<p>Consumo sin carga\u00a0<strong>&lt;0,5W.<\/strong><\/p>\n<p>Aislamiento entrada-salida de\u00a0<strong>4000Vca.<\/strong><\/p>\n<p>Bajo ruido y rizado de\u00a0<strong>200mVp-p.<\/strong><\/p>\n<p>Temperatura de trabajo: desde\u00a0<b>-30<\/b>\u00a0hasta\u00a0<b>+70\u00baC<\/b>\u00a0de temperatura ambiente. Consulte la ficha t\u00e9cnica para ver las curvas de deriva.<\/p>\n<p>Dimensiones (Largo x Ancho x Alto):\u00a0<strong>159 x 97 x 30mm.<\/strong><\/p>\n<p>3 a\u00f1os garant\u00eda.<\/p>\n<p>Fabricante: MEAN WELL.<\/p>\n<p>Est\u00e1 certificada\u00a0CE,T\u00dcV, BMSI, EAC,BIS, KCC, RCM, CCC, UKCA y UL.<\/p>\n<p>La serie LRS son fuentes de alimentaci\u00f3n en caja rejilla de tama\u00f1o compacto (perfil 1U) para aplicaciones de tipo industrial, automoci\u00f3n, equipamientos mec\u00e1nicos y aparatos electrodom\u00e9sticos. Pueden funcionar en alturas superiores a 5000 metros (consulte la curva de deriva de temperatura).<\/p>\n<p>Cumple con la EN55032 clase B sin necesidad de componentes adicionales, aunque siempre se debe verificar el dise\u00f1o final de la placa. Asimismismo, tambi\u00e9n comple con la normativa de seguridad para uso residencial 62368-1, para muchas aplicaciones como m\u00e1quinas de caf\u00e9, electrodomesticos, etc.<\/p>\n<p>Permite montaje en placa, pared o carril din con el accesorio KDIN.<\/p>\n","protected":false},"excerpt":{"rendered":"<p>Fuente de alimentaci\u00f3n conmutada. Tama\u00f1o compacto. Formato en caja rejilla. Rango de entrada seleccionable mediante interruptor,\u00a085-132Vca\/170-264Vca. 47-63Hz. Tensi\u00f3n de salida\u00a024Vcc. Ajustable por potenci\u00f3metro (21,6-28,8Vcc). Intensidad de salida\u00a06,5A. Rango de corriente de salida 0-6,5A seg\u00fan demande la carga. Potencia:\u00a0156W. Eficiencia t\u00edpica:\u00a089%. Consumo sin carga\u00a0&lt;0,5W. Aislamiento entrada-salida de\u00a04000Vca. Bajo ruido y rizado de\u00a0200mVp-p. Temperatura de trabajo: desde\u00a0-30\u00a0hasta\u00a0+70\u00baC\u00a0de [&hellip;]<\/p>\n","protected":false},"featured_media":398,"comment_status":"open","ping_status":"closed","template":"","meta":[],"product_brand":[22],"product_cat":[24],"product_tag":[25],"class_list":{"0":"post-396","1":"product","2":"type-product","3":"status-publish","4":"has-post-thumbnail","6":"product_brand-mean-well","7":"product_cat-fuente-de-alimentacion","8":"product_tag-fuente-de-alimentacion","10":"first","11":"instock","12":"taxable","13":"shipping-taxable","14":"purchasable","15":"product-type-simple"},"_links":{"self":[{"href":"https:\/\/jadoza.com\/index.php?rest_route=\/wp\/v2\/product\/396","targetHints":{"allow":["GET"]}}],"collection":[{"href":"https:\/\/jadoza.com\/index.php?rest_route=\/wp\/v2\/product"}],"about":[{"href":"https:\/\/jadoza.com\/index.php?rest_route=\/wp\/v2\/types\/product"}],"replies":[{"embeddable":true,"href":"https:\/\/jadoza.com\/index.php?rest_route=%2Fwp%2Fv2%2Fcomments&post=396"}],"wp:featuredmedia":[{"embeddable":true,"href":"https:\/\/jadoza.com\/index.php?rest_route=\/wp\/v2\/media\/398"}],"wp:attachment":[{"href":"https:\/\/jadoza.com\/index.php?rest_route=%2Fwp%2Fv2%2Fmedia&parent=396"}],"wp:term":[{"taxonomy":"product_brand","embeddable":true,"href":"https:\/\/jadoza.com\/index.php?rest_route=%2Fwp%2Fv2%2Fproduct_brand&post=396"},{"taxonomy":"product_cat","embeddable":true,"href":"https:\/\/jadoza.com\/index.php?rest_route=%2Fwp%2Fv2%2Fproduct_cat&post=396"},{"taxonomy":"product_tag","embeddable":true,"href":"https:\/\/jadoza.com\/index.php?rest_route=%2Fwp%2Fv2%2Fproduct_tag&post=396"}],"curies":[{"name":"wp","href":"https:\/\/api.w.org\/{rel}","templated":true}]}}