{"id":418,"date":"2025-03-25T15:49:42","date_gmt":"2025-03-25T15:49:42","guid":{"rendered":"https:\/\/jadoza.com\/?post_type=product&#038;p=418"},"modified":"2025-03-25T16:32:21","modified_gmt":"2025-03-25T16:32:21","slug":"mean-well-irm-60-24","status":"publish","type":"product","link":"https:\/\/jadoza.com\/?product=mean-well-irm-60-24","title":{"rendered":"MEAN WELL IRM-60-24"},"content":{"rendered":"<p><strong>Fuente de alimentaci\u00f3n conmutada para circuito impreso.\u00a0<\/strong><\/p>\n<p><strong>Tama\u00f1o compacto.<\/strong><\/p>\n<p>Formato PCB.<\/p>\n<p>Rango de entrada\u00a0<strong>85-305Vca<\/strong>\u00a047-440Hz.<\/p>\n<p>Tensi\u00f3n de salida\u00a0<strong>24Vcc.<\/strong><\/p>\n<p>Intensidad de salida\u00a0<strong>2,5A.<\/strong>\u00a0Rango de corriente de salida 0-2,5A seg\u00fan demande la carga.<\/p>\n<p>Potencia:\u00a0<strong>60W.<\/strong><\/p>\n<p>Eficiencia t\u00edpica:<strong>\u00a090%.\u00a0<\/strong><\/p>\n<p>Consumo sin carga\u00a0<strong>&lt;0,1W.<\/strong><\/p>\n<p>Aislamiento entrada-salida de\u00a0<strong>4000Vca.<\/strong><\/p>\n<p>Ruido y rizado:\u00a0<strong>150mVp-p.<\/strong><\/p>\n<p>Clase de entrada II sin toma de tierra.<\/p>\n<p>Protecci\u00f3n ante cortocircuito, sobre carga y sobre tensi\u00f3n.<\/p>\n<p>Categor\u00eda III de sobretensi\u00f3n.<\/p>\n<p>Rango de temperatura de funcionamiento de caja\u00a0<strong>Tc<\/strong>\u00a0desde\u00a0<strong>-30<\/strong>\u00a0hasta\u00a0<strong>+70\u00baC.<\/strong><\/p>\n<p>Dimensiones (Largo x Ancho x Alto) [mm]:\u00a0<strong>87 x 52 x 29,5.<\/strong><\/p>\n<p>3 a\u00f1os de garant\u00eda.<\/p>\n<p>Fabricante: MEAN WELL.<\/p>\n<p>La serie IRM son fuentes de tama\u00f1o compacto para integrar en placa soldando sus pines en los agujeros de la PCB.\u00a0Esta fuente es de clase II sin toma de tierra con doble aislamiento reforzado. Tiene un m\u00ednimo consumo sin carga lo que permite cumplir con los requisititos de dise\u00f1o ecol\u00f3gico con un peque\u00f1o consumo en stand-by.<\/p>\n<p>Est\u00e1 certificada CE, T\u00dcV, BMSI, EAC, RoHS, UKCA y UL\u00a0y como equipo de potencia limitada \u00abLPS\u00bb.\u00a0Tiene protecci\u00f3n frente a sobre cargas, cortocircuitos y sobre tensiones de salida.<\/p>\n<p>Cumple con la EN55032 clase B sin necesidad de componentes adicionales, aunque siempre se debe verificar el dise\u00f1o final de la placa. Asimismo, tambi\u00e9n cumple con la normativa de seguridad para uso residencial 60335-1 y 62368-1, para muchas aplicaciones como m\u00e1quinas de caf\u00e9, electrodom\u00e9sticos, etc.<\/p>\n<p>Actualizadas por el fabricante, con subida rango de entrada de 264V a 305V.Asi como nuevas homologaciones BMSI y EAC.<\/p>\n","protected":false},"excerpt":{"rendered":"<p>Fuente de alimentaci\u00f3n conmutada para circuito impreso.\u00a0 Tama\u00f1o compacto. Formato PCB. Rango de entrada\u00a085-305Vca\u00a047-440Hz. Tensi\u00f3n de salida\u00a024Vcc. Intensidad de salida\u00a02,5A.\u00a0Rango de corriente de salida 0-2,5A seg\u00fan demande la carga. Potencia:\u00a060W. Eficiencia t\u00edpica:\u00a090%.\u00a0 Consumo sin carga\u00a0&lt;0,1W. Aislamiento entrada-salida de\u00a04000Vca. Ruido y rizado:\u00a0150mVp-p. Clase de entrada II sin toma de tierra. Protecci\u00f3n ante cortocircuito, sobre carga y [&hellip;]<\/p>\n","protected":false},"featured_media":423,"comment_status":"open","ping_status":"closed","template":"","meta":[],"product_brand":[22],"product_cat":[24],"product_tag":[25],"class_list":{"0":"post-418","1":"product","2":"type-product","3":"status-publish","4":"has-post-thumbnail","6":"product_brand-mean-well","7":"product_cat-fuente-de-alimentacion","8":"product_tag-fuente-de-alimentacion","10":"first","11":"instock","12":"taxable","13":"shipping-taxable","14":"purchasable","15":"product-type-simple"},"_links":{"self":[{"href":"https:\/\/jadoza.com\/index.php?rest_route=\/wp\/v2\/product\/418","targetHints":{"allow":["GET"]}}],"collection":[{"href":"https:\/\/jadoza.com\/index.php?rest_route=\/wp\/v2\/product"}],"about":[{"href":"https:\/\/jadoza.com\/index.php?rest_route=\/wp\/v2\/types\/product"}],"replies":[{"embeddable":true,"href":"https:\/\/jadoza.com\/index.php?rest_route=%2Fwp%2Fv2%2Fcomments&post=418"}],"wp:featuredmedia":[{"embeddable":true,"href":"https:\/\/jadoza.com\/index.php?rest_route=\/wp\/v2\/media\/423"}],"wp:attachment":[{"href":"https:\/\/jadoza.com\/index.php?rest_route=%2Fwp%2Fv2%2Fmedia&parent=418"}],"wp:term":[{"taxonomy":"product_brand","embeddable":true,"href":"https:\/\/jadoza.com\/index.php?rest_route=%2Fwp%2Fv2%2Fproduct_brand&post=418"},{"taxonomy":"product_cat","embeddable":true,"href":"https:\/\/jadoza.com\/index.php?rest_route=%2Fwp%2Fv2%2Fproduct_cat&post=418"},{"taxonomy":"product_tag","embeddable":true,"href":"https:\/\/jadoza.com\/index.php?rest_route=%2Fwp%2Fv2%2Fproduct_tag&post=418"}],"curies":[{"name":"wp","href":"https:\/\/api.w.org\/{rel}","templated":true}]}}